{"id":68,"date":"2022-12-09T19:05:57","date_gmt":"2022-12-09T18:05:57","guid":{"rendered":"https:\/\/consbelohorizonte.esteri.it\/?page_id=68"},"modified":"2026-02-25T11:19:51","modified_gmt":"2026-02-25T14:19:51","slug":"la-rete-consolare","status":"publish","type":"page","link":"https:\/\/consbelohorizonte.esteri.it\/it\/chi-siamo\/la-rete-consolare\/","title":{"rendered":"La Rete Consolare"},"content":{"rendered":"<p>La circoscrizione di questo Consolato comprende lo Stato del\u00a0<strong>Minas Gerais<\/strong>.<\/p>\n<p>A seguire l&#8217;elenco degli Uffici consolari dipendenti:<\/p>\n<p><strong>\u00a0<\/strong><\/p>\n<p><strong>S\u00e3o Jo\u00e3o Del Rei \u2013 Agenzia Consolare Onoraria<\/strong><\/p>\n<p>Agente Consolare onorario: Guido BOLETTI<br \/>\nRua Santo Ant\u00f4nio, 506 &#8211; \u00c1guas F\u00e9rreas (Tejuco) &#8211; 36300-174 S\u00e3o Jo\u00e3o Del-Rei<br \/>\nWhatsapp: +39 366 2449534 \/ Telefono: +55 (32) 9 9920-1261<br \/>\n<a href=\"mailto:saojoaodelrei.onorario@esteri.it\">saojoaodelrei.onorario@esteri.it<\/a><\/p>\n<p>Ricevimento pubblico: marted\u00ec e gioved\u00ec dalle 16:00 alle 18:00. Per tutti gli altri giorni si deve richiedere un previo appuntamento.<br \/>\n<strong><a href=\"https:\/\/www.gazzettaufficiale.it\/eli\/id\/2017\/11\/10\/17A07530\/SG\">DECRETO DI LIMITAZIONE DI FUNZIONI &#8211; S\u00c3O JO\u00c3O DEL REI<\/a><\/strong><\/p>\n<p>&nbsp;<\/p>\n<p><strong>Juiz de Fora &#8211; Agenzia Consolare Onoraria<\/strong><\/p>\n<p>Agente Consolare onoraria: M\u00e1rcia DE ALMEIDA<br \/>\nCasa d&#8217;Italia, Avenida Bar\u00e3o do Rio Branco, 2585<br \/>\n36010-002 &#8211; Centro, Juiz de Fora &#8211; MG<br \/>\nTelefono: (32) 3215-5957<br \/>\n<a href=\"mailto:juizdefora.onorario@esteri.it\">juizdefora.onorario@esteri.it<\/a><br \/>\nPer informazioni e appuntamenti, inviare una mail. In caso di reale urgenza, si prega di entrare in contatto per telefono.<br \/>\n<a href=\"https:\/\/consbelohorizonte.esteri.it\/wp-content\/uploads\/2023\/12\/Decreto-incarico-De-Almeida.pdf\"><strong>DECRETO DI LIMITAZIONE DI FUNZIONI &#8211; JUIZ DE FORA<\/strong><\/a><\/p>\n<p>&nbsp;<\/p>\n<p><strong>Uberl\u00e2ndia<\/strong><\/p>\n<p>Corrispondente consolare: Roberto RANZA<br \/>\nTelefono: (34) 9114 8915<br \/>\n<a href=\"mailto:italiaonorariouberlandia@gmail.com\">italiaonorariouberlandia@gmail.com<\/a><br \/>\nPer informazioni e appuntamenti, inviare una mail. In caso di reale urgenza, si prega di entrare in contatto per telefono.<\/p>\n<p>&nbsp;<\/p>\n<p><strong>Po\u00e7os de Caldas<\/strong><\/p>\n<p>Corrispondente consolare: Alberto CISICO<\/p>\n<p><a href=\"mailto:pocosdecaldas.onorario@esteri.it\">pocosdecaldas.onorario@esteri.it<\/a><\/p>\n<p>&nbsp;<\/p>\n<p><strong>Barbacena<\/strong><\/p>\n<p>Corrispondente consolare: Isabel PUIATI<br \/>\nTelefono: (32) 99983 3899<br \/>\n<a href=\"mailto:barbacena.corrispondenteconsolare@outlook.com\">barbacena.corrispondenteconsolare@outlook.com<\/a><\/p>\n<p>&nbsp;<\/p>\n<p><strong>Montes Claros<\/strong><\/p>\n<p>Corrispondente consolare: Andrea CARPENTIERI<br \/>\n<a href=\"mailto:andcarpen@gmail.com\">andcarpen@gmail.com<\/a><br \/>\nRiceve su appuntamento prenotando per email o whatsapp<\/p>\n<p>&nbsp;<\/p>\n<p><strong>Ouro Fino<\/strong><\/p>\n<p>Corrispondente consolare: Paulo Henrique CHISTE DA SILVA<br \/>\nTelefono: (35) 991008571<br \/>\n<u><a href=\"mailto:paulo.chiste@yahoo.com.br\">paulo.chiste@yahoo.com.br<\/a><br \/>\n<\/u>Riceve su appuntamento prenotando per email o whatsapp<\/p>\n<p><strong>\u00a0<\/strong><\/p>\n<p><strong>Itabira (Vale do A\u00e7o)<\/strong><\/p>\n<p>Corrispondente consolare (con compiti specifici ed esclusivi di assistenza alle imprese): Mario ARALDI<\/p>\n<p>Telefono: (31) 3286-1455 &#8211; Cel.: (31) 99225-0924<\/p>\n<p><a href=\"mailto:marioaraldi@fermag.ind.br\">marioaraldi@fermag.ind.br<\/a><\/p>\n<p>&nbsp;<\/p>\n<p><strong>Sete Lagoas e Vettore Nord <\/strong><\/p>\n<p>Corrispondente consolare (con compiti specifici ed esclusivi di assistenza alle imprese): Valentino RIZZIOLI<\/p>\n<p>Telefono: (31) 3287-2211<\/p>\n<p><u><a href=\"mailto:info@italiabrasil.com.br\">info@italiabrasil.com.br<\/a><\/u><\/p>\n","protected":false},"excerpt":{"rendered":"La circoscrizione di questo Consolato comprende lo Stato del\u00a0Minas Gerais. A seguire l&#8217;elenco degli Uffici consolari dipendenti: \u00a0 S\u00e3o Jo\u00e3o Del Rei \u2013 Agenzia Consolare Onoraria Agente Consolare onorario: Guido BOLETTI Rua Santo Ant\u00f4nio, 506 &#8211; \u00c1guas F\u00e9rreas (Tejuco) &#8211; 36300-174 S\u00e3o Jo\u00e3o Del-Rei Whatsapp: +39 366 2449534 \/ Telefono: +55 (32) 9 9920-1261 saojoaodelrei.onorario@esteri.it [&hellip;]","protected":false},"author":3,"featured_media":0,"parent":11,"menu_order":10,"comment_status":"closed","ping_status":"closed","template":"","meta":{"footnotes":""},"class_list":["post-68","page","type-page","status-publish","hentry"],"_links":{"self":[{"href":"https:\/\/consbelohorizonte.esteri.it\/it\/wp-json\/wp\/v2\/pages\/68","targetHints":{"allow":["GET"]}}],"collection":[{"href":"https:\/\/consbelohorizonte.esteri.it\/it\/wp-json\/wp\/v2\/pages"}],"about":[{"href":"https:\/\/consbelohorizonte.esteri.it\/it\/wp-json\/wp\/v2\/types\/page"}],"author":[{"embeddable":true,"href":"https:\/\/consbelohorizonte.esteri.it\/it\/wp-json\/wp\/v2\/users\/3"}],"replies":[{"embeddable":true,"href":"https:\/\/consbelohorizonte.esteri.it\/it\/wp-json\/wp\/v2\/comments?post=68"}],"version-history":[{"count":7,"href":"https:\/\/consbelohorizonte.esteri.it\/it\/wp-json\/wp\/v2\/pages\/68\/revisions"}],"predecessor-version":[{"id":6007,"href":"https:\/\/consbelohorizonte.esteri.it\/it\/wp-json\/wp\/v2\/pages\/68\/revisions\/6007"}],"up":[{"embeddable":true,"href":"https:\/\/consbelohorizonte.esteri.it\/it\/wp-json\/wp\/v2\/pages\/11"}],"wp:attachment":[{"href":"https:\/\/consbelohorizonte.esteri.it\/it\/wp-json\/wp\/v2\/media?parent=68"}],"curies":[{"name":"wp","href":"https:\/\/api.w.org\/{rel}","templated":true}]}}

<p>La circoscrizione di questo Consolato comprende lo Stato del <strong>Minas Gerais</strong>.</p>
<p>A seguire l&#8217;elenco degli Uffici consolari dipendenti:</p>
<p><strong> </strong></p>
<p><strong>São João Del Rei – Agenzia Consolare Onoraria</strong></p>
<p>Agente Consolare onorario: Guido BOLETTI<br />
Rua Santo Antônio, 506 &#8211; Águas Férreas (Tejuco) &#8211; 36300-174 São João Del-Rei<br />
Whatsapp: +39 366 2449534 / Telefono: +55 (32) 9 9920-1261<br />
<a href="mailto:saojoaodelrei.onorario@esteri.it">saojoaodelrei.onorario@esteri.it</a></p>
<p>Ricevimento pubblico: martedì e giovedì dalle 16:00 alle 18:00. Per tutti gli altri giorni si deve richiedere un previo appuntamento.<br />
<strong><a href="https://www.gazzettaufficiale.it/eli/id/2017/11/10/17A07530/SG">DECRETO DI LIMITAZIONE DI FUNZIONI &#8211; SÃO JOÃO DEL REI</a></strong></p>
<p>&nbsp;</p>
<p><strong>Juiz de Fora &#8211; Agenzia Consolare Onoraria</strong></p>
<p>Agente Consolare onoraria: Márcia DE ALMEIDA<br />
Casa d&#8217;Italia, Avenida Barão do Rio Branco, 2585<br />
36010-002 &#8211; Centro, Juiz de Fora &#8211; MG<br />
Telefono: (32) 3215-5957<br />
<a href="mailto:juizdefora.onorario@esteri.it">juizdefora.onorario@esteri.it</a><br />
Per informazioni e appuntamenti, inviare una mail. In caso di reale urgenza, si prega di entrare in contatto per telefono.<br />
<a href="https://consbelohorizonte.esteri.it/wp-content/uploads/2023/12/Decreto-incarico-De-Almeida.pdf"><strong>DECRETO DI LIMITAZIONE DI FUNZIONI &#8211; JUIZ DE FORA</strong></a></p>
<p>&nbsp;</p>
<p><strong>Uberlândia</strong></p>
<p>Corrispondente consolare: Roberto RANZA<br />
Telefono: (34) 9114 8915<br />
<a href="mailto:italiaonorariouberlandia@gmail.com">italiaonorariouberlandia@gmail.com</a><br />
Per informazioni e appuntamenti, inviare una mail. In caso di reale urgenza, si prega di entrare in contatto per telefono.</p>
<p>&nbsp;</p>
<p><strong>Poços de Caldas</strong></p>
<p>Corrispondente consolare: Alberto CISICO</p>
<p><a href="mailto:pocosdecaldas.onorario@esteri.it">pocosdecaldas.onorario@esteri.it</a></p>
<p>&nbsp;</p>
<p><strong>Barbacena</strong></p>
<p>Corrispondente consolare: Isabel PUIATI<br />
Telefono: (32) 99983 3899<br />
<a href="mailto:barbacena.corrispondenteconsolare@outlook.com">barbacena.corrispondenteconsolare@outlook.com</a></p>
<p>&nbsp;</p>
<p><strong>Montes Claros</strong></p>
<p>Corrispondente consolare: Andrea CARPENTIERI<br />
<a href="mailto:andcarpen@gmail.com">andcarpen@gmail.com</a><br />
Riceve su appuntamento prenotando per email o whatsapp</p>
<p>&nbsp;</p>
<p><strong>Ouro Fino</strong></p>
<p>Corrispondente consolare: Paulo Henrique CHISTE DA SILVA<br />
Telefono: (35) 991008571<br />
<u><a href="mailto:paulo.chiste@yahoo.com.br">paulo.chiste@yahoo.com.br</a><br />
</u>Riceve su appuntamento prenotando per email o whatsapp</p>
<p><strong> </strong></p>
<p><strong>Itabira (Vale do Aço)</strong></p>
<p>Corrispondente consolare (con compiti specifici ed esclusivi di assistenza alle imprese): Mario ARALDI</p>
<p>Telefono: (31) 3286-1455 &#8211; Cel.: (31) 99225-0924</p>
<p><a href="mailto:marioaraldi@fermag.ind.br">marioaraldi@fermag.ind.br</a></p>
<p>&nbsp;</p>
<p><strong>Sete Lagoas e Vettore Nord </strong></p>
<p>Corrispondente consolare (con compiti specifici ed esclusivi di assistenza alle imprese): Valentino RIZZIOLI</p>
<p>Telefono: (31) 3287-2211</p>
<p><u><a href="mailto:info@italiabrasil.com.br">info@italiabrasil.com.br</a></u></p>

La circoscrizione di questo Consolato comprende lo Stato del Minas Gerais. A seguire l&#8217;elenco degli Uffici consolari dipendenti:   São João Del Rei – Agenzia Consolare Onoraria Agente Consolare onorario: Guido BOLETTI Rua Santo Antônio, 506 &#8211; Águas Férreas (Tejuco) &#8211; 36300-174 São João Del-Rei Whatsapp: +39 366 2449534 / Telefono: +55 (32) 9 9920-1261 saojoaodelrei.onorario@esteri.it [&hellip;]
